vative of w**4/6 + 2*w**3/3 - 165*w**2. Determine y(-2).
-4
Let g(b) = b**3 - 11*b**2 + 13*b - 28. Let z = -1507 - -1517. Calculate g(z).
2
Let r(d) = 3*d**3 + 2*d + 2. Let v be r(-2). Let u = v - -19. Let o = u + 3. Let f(y) = -y**2 - 3*y - 1. Give f(o).
-5
Let y(u) be the third derivative of u**5/30 - u**4/24 - 8*u**3/3 + 18*u**2. Let b(r) be the first derivative of y(r). What is b(2)?
7
Suppose 30 = 5*h + 2*f + 3*f, 2*h + 3*f - 16 = 0. Let j(c) = -2 - 5*c + h*c - 3. Suppose -5*d + o = -d + 18, -2*d = -o + 8. Calculate j(d).
10
Let p(o) = 5*o + 4. Suppose 0 = 5*g + 3*y + 6, 5 + 16 = -4*g + 3*y. What is p(g)?
-11
Let r = 39 + 3. Let x = r + -45. Let l(v) = -v**3 - 3*v**2 - v. Determine l(x).
3
Suppose -3*b - 2*u + 6 - 20 = 0, -7 = 3*b - 5*u. Let k(n) = -n**2 - 3*n - 7. Determine k(b).
-11
Suppose d + 3 + 2 = -2*p, 3*d - 5*p + 4 = 0. Let r(o) = -o - 9. What is r(d)?
-6
Let p(i) be the first derivative of 0*i - 4 + 1/8*i**4 + 5/3*i**3 + 0*i**2 - 1/60*i**5. Let r(c) be the third derivative of p(c). Calculate r(2).
-1
Let w(d) = 5*d**2 - d + 6. Let s(v) = -14*v**2 + 3*v - 17. Let h(r) = 4*s(r) + 11*w(r). Calculate h(2).
-4
Let j = 34 - 16. Suppose 4*n - k + 20 = 3*k, -5*k = -4*n - j. Let y(g) = 7*g**2 + 17 - g - 17 + g**3. What is y(n)?
7
Let i(u) be the second derivative of 0 - 1/3*u**3 - 3*u**2 + 9*u. What is i(-6)?
6
Let t(x) = -4*x - 7. Let g(v) = -2*v**2 + 16*v + 37. Let z be g(-2). Calculate t(z).
5
Let g(a) = -a + 1. Let f be g(-3). Suppose c + 3*c - f = q, 12 = -3*q + 5*c. Let j(b) = 3*b + 1. Give j(q).
-11
Let g = -44 + 43. Let h be (-1*(-1 - 2))/g. Let b(y) = y**3 + 2*y**2 - 4*y - 4. Calculate b(h).
-1
Let p(q) = -q**3 - q. Let d(i) be the first derivative of -3*i**4/2 + 4*i**3/3 + 4*i - 15. Let t(f) = d(f) - 5*p(f). Determine t(5).
4
Suppose 0 = -3*q - 3*m - 198, -7*q + 4*m - 232 = -3*q. Let n be 16/(-88) + q/22. Let o(t) = t + 7. Calculate o(n).
4
Let w(c) = c - 1. Let g(h) = -h**2 - 11*h + 12. Let z(y) = 2*g(y) + 22*w(y). Let i(d) = -d - 8. Let b be i(-10). What is z(b)?
-6
Let c(q) = 3*q + 3. Let v be (-3 - 2 - -4) + 7. Let z be -1 - (16/v - 2/3). Determine c(z).
-6
Let p(d) = 6*d + 71 - 77 + 3*d**2 - 2*d**2. Suppose 0*h - 30 = -2*z - 4*h, 4*z = -3*h + 45. Let c = z + -15. Give p(c).
-6
Suppose -4*v + 20 = 8. Let a be (-3)/(-6)*2 + 1. Let d(n) = -a*n**2 + 6*n - 1 - 2*n + 0*n. Calculate d(v).
-7
Let h(u) be the second derivative of 5/3*u**3 - 32*u + 0 - 1/2*u**2. Determine h(2).
19
Let v be (2/11)/((-4)/(-44)). Let r(n) = -14*n**3 - 8*n**v + 1 - 12*n**3 + 27*n**3. Determine r(8).
1
Suppose 2*n + 3*n = 20. Suppose -5*m + 5 = -4*l + 37, -n*m - 19 = -l. Let f(z) = z**3 + 3*z**2 - z + 1. Calculate f(m).
-11
Suppose 3 = 2*m - 3. Suppose -2*c + m*c = -2. Let y(q) = 5*q - 9. Let x(r) = 3*r - 4. Let t(k) = -5*x(k) + 2*y(k). What is t(c)?
12
Suppose -c - 12 = c. Let u(r) = -2*r**3 + r**2 - 13*r + 25. Let v(i) = -i**3 - 6*i + 12. Let y be 4/(-10)*(0 - 15). Let f(m) = y*u(m) - 13*v(m). Determine f(c).
-6
Let s(j) = j**3 + 7*j**2 + 4*j - 1. Let z(f) = -f**3 - 7*f**2 - 3*f + 2. Let a(g) = -2*s(g) - 3*z(g). What is a(-5)?
41
Let w be 2 - (-4 + (6 - 2)). Let f(i) be the third derivative of -1/4*i**4 + 1/120*i**6 + 0 + 0*i**3 + 1/12*i**5 - 5*i**w + 0*i. What is f(-6)?
0
Let y(m) = m**2 - 8*m + 3. Let p be y(8). Suppose -p = -3*s + 9. Let g(i) = -i - 11. Let z(v) = -3. Let n(h) = -2*g(h) + 9*z(h). Give n(s).
3
Let x(f) = -8*f - 7. Let v(c) = -5*c - 8. Let s(h) = -3*v(h) + 2*x(h). Give s(9).
1
Let x(k) be the first derivative of -k**4/4 + 7*k**3/3 + k**2 - 3*k - 485. Calculate x(7).
11
Let a(g) be the second derivative of g**4/6 - 7*g**3/6 - g**2 - 2*g + 13. Give a(5).
13
Let p(d) = -8*d**2 - 14*d + 4. Let i(x) = -3*x**2 - 8*x + 2. Let a(h) = 5*i(h) - 2*p(h). Calculate a(11).
-9
Let z(c) = -31 + 34 + 0*c + 5*c - 4*c**2 - 6*c. Calculate z(3).
-36
Let i(o) = 9*o**2 - 10*o - 617*o**3 + 309*o**3 + 4*o**2 + 309*o**3 - 5*o**2. Give i(-9).
9
Let r(p) = -11*p + 2 - 3*p - 7*p + 18*p. Determine r(-1).
5
Suppose 2*h + 8 = 4*a, -2*h + 2*a - 5 + 3 = 0. Let p(q) = 2*q + 0*q**3 - q**3 + 29 - 30 - 4*q**h. Let g(f) = 5*f + 1. Let m be g(-1). Determine p(m).
-9
Let a(v) = -v**2 + 3*v - 3. Let d be 0/((-2)/(-1) + 0). Suppose 2*n + 0*n = d. Suppose n = -0*f + f - h - 9, 0 = -3*h - 15. Calculate a(f).
-7
Suppose -3*q + 12 = -2*f, -4*q = f - 5*f - 20. Let k(w) = -20*w**q - w**2 + 0 + 1 + 8*w**2. Give k(-1).
-12
Let u(v) = 38*v + 3. Let n(r) = -11*r - 1. Let l(d) = -7*n(d) - 2*u(d). What is l(6)?
7
Let g(z) = -2*z - 1. Let t be g(-1). Let p(y) be the first derivative of y**3/3 + y**2 - y + 2734. Give p(t).
2
Let x(o) = o**2 - 10*o - 1. Let h(u) = -16*u + 6. Let y(s) = -s**2 - 16*s + 5. Let m(v) = 3*h(v) - 2*y(v). Let r be m(8). Calculate x(r).
-17
Let z(w) = -w**3 - 3*w**2 + w + 2. Let a(y) = 5*y**3 + 13*y**2 - 5*y - 7. Let c(v) = -2*a(v) - 9*z(v). Determine c(0).
-4
Suppose -296 = -6*d - 272. Let n(w) = w**3 - w**2 + 2*w - 4. Give n(d).
52
Let c(s) = -s**2. Let w(b) = b**3 + 5*b**2 - 5*b + 8. Let y be w(-6). Suppose k - 10 = 5*m, -2*m - 5*k - 4 = -y*k. Calculate c(m).
-4
Let p = 36 + -32. Let f(x) = 0*x - 2 - 5*x + p*x. Calculate f(5).
-7
Let u(w) be the first derivative of w**4/4 + 2*w**3/3 - 3*w**2 - w + 1. Suppose h - 2*l = 3*h + 102, 5*h - l = -249. Let g = h + 46. Determine u(g).
-9
Let m(v) = -2 + 7*v**2 + 2*v - v**2 - 3*v + v**3. Let c(p) = 5*p - 21. Let z be c(3). Determine m(z).
4
Let c(n) = 2*n + 6. Let t(j) = 3. Let b(z) = -c(z) + 4*t(z). Calculate b(-6).
18
Let v(j) = -6*j**2 + 2*j - 6. Let b(f) = -7*f**2 + 2*f - 7. Let u = 21 - 16. Let y(z) = u*b(z) - 6*v(z). Calculate y(-2).
9
Let b(t) = 2*t**2 + 19*t + 28. Suppose 24*o + 232 = -5*o. Determine b(o).
4
Let t(a) = -4*a**3 + 6*a**2 + 3*a + 6. Let r(v) = -v**3 + v**2 + 2. Let b(x) = -3*r(x) + t(x). What is b(5)?
-35
Let c(i) be the second derivative of i**5/20 - i**4 - 2*i**3 - 13*i**2/2 + 20*i + 6. Determine c(13).
0
Let h be (-19)/38 + 2/4*11. Let d(t) = -3*t**2 + 8*t + t**3 - 6 - 6*t - h*t. What is d(5)?
29
Let m(w) = w**3 + 7*w**2 + 5*w + 2. Let i = 11 - 17. Calculate m(i).
8
Let j(w) = -9*w + 2. Suppose y - 3 = 8*p - 6*p, -5*p - 12 = 2*y. Give j(y).
11
Let r(s) = -s**2 - 4*s - 2. Let g(c) = -c**3 + 4*c**2 - 4*c - 13. Let v(t) = g(t) - 3*r(t). What is v(8)?
-7
Let t = -126 + 111. Let a = t + 11. Let r(h) = -h**2 - 5*h + 2. Determine r(a).
6
Suppose 5*d + 4*q + 25 = 31, -d - 3*q = -10. Let r(m) = -9*m - 5. Determine r(d).
13
Let i = 26 + -74. Let m = -57 - i. Let w(t) = t**2 + 8*t - 11. Give w(m).
-2
Let b(w) be the first derivative of 3*w**2 - 9299*w + 9299*w + 5. Give b(-4).
-24
Let l(x) be the second derivative of x**4/6 - 2*x**3/3 + 15*x**2/2 + 19*x. Let k(f) be the first derivative of l(f). Determine k(3).
8
Let m be 340/90 + (-4)/(-18). Let v(t) be the third derivative of 1/12*t**4 + 0 - 2*t**2 + 0*t + 1/120*t**6 + 1/3*t**3 - 1/12*t**5. Calculate v(m).
-6
Let s be 2/4*-14*((-2250)/(-105))/(-25). Let q(k) = k**3 + 2*k - 2*k**3 + 3*k**2 + 3 + 3*k**2. Give q(s).
15
Suppose -114 = 44*i - 334. Let f(s) = -s**3 + 7*s**2 - 7*s + 3. What is f(i)?
18
Suppose -22 = -14*j + 25*j. Let l(i) = i**2 + 3*i + 3. Give l(j).
1
Suppose 0 = 3*d - 8*d. Let q(r) = r - 2. Let k be q(1). Let s be k + 7 + d/(-1). Let l(u) = -u**2 + 4*u + 6. What is l(s)?
-6
Suppose -5*o = 35 - 30. Let q(m) be the third derivative of -11*m**6/120 + m**5/60 + m**4/24 + 66*m**2. Calculate q(o).
11
Let j(l) = l + 1. Let v(m) be the second derivative of m**3/2 + 2*m. Let y(g) = -5*g - 1. Let r(o) = 3*v(o) + 3*y(o). Let n(h) = -4*j(h) - r(h). Calculate n(1).
1
Let q = -4604 - -4601. Let j(r) = r**2 + 4*r + 0*r**2 + 1 + 3. Determine j(q).
1
Let d(q) be the second derivative of q**3/6 + 11*q**2/2 - 15*q. Let p(m) = -6*m**2 + 2*m + 1. Let y be p(-1). Calculate d(y).
4
Let k(s) = -3*s**3 - s - 3. Let l(p) = -p**2 - 36*p - 130. Let x be l(-4). Determine k(x).
23
Let k = -256 - -252. Let d(h) = h**2 - 1. Give d(k).
15
Suppose -42 = -3*i - 18. Let t(b) = -15 + i - 13*b + 2*b + 9. What is t(2)?
-20
Suppose 143 = -49*y + 62*y. Let b(t) = t**3 - 10*t**2 - 9*t - 10. What is b(y)?
12
Let x(g) = 9*g**3 - 4*g**2 - 6*g - 1. Let o(i) = 8*i**3 - 3*i**2 - 5*i - 1. Let l(t) = 6*o(t) - 5*x(t). Determine l(-1).
-2
Let q(o) = o. Let c(a) = -a**2 + 10*a + 12. Let x = 34